 3263 and 7781?
251
What is the highest common divisor of 36 and 8?
4
What is the greatest common factor of 5709 and 33?
33
What is the highest common factor of 1270 and 7366?
254
What is the highest common factor of 459 and 17?
17
Calculate the highest common factor of 3225 and 25.
25
Calculate the greatest common divisor of 235 and 335.
5
Calculate the highest common factor of 2387 and 93.
31
What is the greatest common factor of 1536 and 180?
12
What is the highest common divisor of 1755 and 130?
65
Calculate the highest common divisor of 45 and 747.
9
Calculate the greatest common factor of 7713 and 144.
9
Calculate the highest common divisor of 8 and 1928.
8
What is the highest common factor of 40 and 20?
20
Calculate the greatest common factor of 3 and 49.
1
What is the greatest common factor of 1991 and 341?
11
Calculate the highest common divisor of 4900 and 10.
10
Calculate the greatest common divisor of 3666 and 78.
78
Calculate the greatest common divisor of 49 and 224.
7
What is the greatest common divisor of 57 and 779?
19
What is the highest common divisor of 70 and 672?
14
What is the highest common divisor of 217 and 589?
31
Calculate the highest common divisor of 1525 and 61.
61
What is the greatest common divisor of 36 and 51?
3
What is the greatest common factor of 468 and 54?
18
What is the highest common divisor of 16 and 296?
8
Calculate the greatest common divisor of 90 and 230.
10
Calculate the greatest common factor of 680 and 760.
40
Calculate the highest common divisor of 204 and 6.
6
What is the highest common factor of 5 and 23?
1
What is the highest common divisor of 103 and 65714?
103
Calculate the highest common factor of 310 and 682.
62
Calculate the greatest common factor of 279 and 99.
9
What is the greatest common divisor of 27 and 81?
27
What is the highest common factor of 16 and 40?
8
What is the greatest common factor of 1147 and 74?
37
What is the greatest common factor of 132 and 672?
12
Calculate the highest common divisor of 54 and 2826.
18
Calculate the highest common factor of 4572 and 342.
18
Calculate the greatest common factor of 1380 and 330.
30
What is the highest common factor of 120 and 552?
24
Calculate the highest common divisor of 6 and 25626.
6
What is the highest common factor of 40 and 1944?
8
What is the greatest common factor of 63 and 77?
7
What is the greatest common factor of 20 and 5?
5
Calculate the highest common factor of 4048 and 88.
88
What is the highest common factor of 9 and 3?
3
What is the greatest common divisor of 2 and 25?
1
What is the greatest common factor of 391 and 69?
23
Calculate the highest common factor of 15 and 4155.
15
What is the highest common factor of 1292 and 1428?
68
What is the greatest common factor of 304 and 16?
16
What is the greatest common divisor of 36 and 3789?
9
Calculate the greatest common divisor of 12 and 284.
4
Calculate the greatest common divisor of 40 and 32.
8
Calculate the highest common factor of 63 and 7.
7
Calculate the highest common factor of 156 and 52.
52
Calculate the greatest common factor of 180 and 36.
36
What is the greatest common divisor of 344 and 48?
8
Calculate the highest common factor of 672 and 192.
96
Calculate the highest common divisor of 533 and 2009.
41
What is the highest common divisor of 724 and 32?
4
What is the greatest common divisor of 42 and 1344?
42
Calculate the highest common divisor of 50 and 3660.
10
What is the highest common factor of 1653 and 399?
57
Calculate the highest common factor of 48 and 2816.
16
Calculate the greatest common divisor of 128 and 3064.
8
What is the highest common divisor of 195 and 30?
15
Calculate the greatest common divisor of 10 and 13480.
10
What is the greatest common factor of 600 and 4?
4
Calculate the greatest common factor of 1320 and 240.
120
What is the highest common factor of 297 and 189?
27
What is the highest common factor of 34 and 11866?
34
Calculate the greatest common divisor of 77 and 5049.
11
What is the highest common divisor of 70 and 640?
10
What is the highest common divisor of 783 and 2523?
87
What is the highest common divisor of 132 and 220?
44
What is the greatest common factor of 18 and 36702?
18
Calculate the greatest common divisor of 420 and 3948.
84
What is the highest common divisor of 872 and 3161?
109
What is the greatest common divisor of 9 and 882?
9
What is the greatest common divisor of 159 and 265?
53
Calculate the highest common divisor of 624 and 33.
3
What is the highest common divisor of 106 and 1325?
53
Calculate the highest common divisor of 147 and 5439.
147
Calculate the greatest common factor of 90 and 225.
45
Calculate the highest common factor of 24 and 492.
12
What is the greatest common factor of 273 and 78?
39
What is the highest common divisor of 847 and 231?
77
Calculate the highest common divisor of 84 and 672.
84
What is the highest common factor of 2150 and 516?
86
Calculate the greatest common divisor of 47 and 1410.
47
Calculate the greatest common factor of 10 and 390.
10
What is the highest common divisor of 21 and 7?
7
What is the highest common divisor of 110 and 8635?
55
Calculate the greatest common factor of 16 and 12.
4
Calculate the highest common divisor of 51 and 272.
17
What is the greatest common divisor of 7 and 749?
7
Calculate the highest common factor of 1722 and 1230.
246
What is the greatest common divisor of 477 and 1113?
159
What is the greatest common divisor of 70 and 50?
10
What is the highest common factor of 36 and 12?
12
What is the highest common factor of 55 and 85?
5
Calculate the highest common factor of 440 and 550.
110
Calculate the greatest common divisor of 34 and 2.
2
Calculate the greatest common divisor of 473 and 22.
11
Calculate the greatest common factor of 14 and 406.
14
What is the highest common divisor of 6169 and 124?
31
Calculate the highest common factor of 765 and 18.
9
Calculate the greatest common divisor of 70 and 224.
14
What is the greatest common divisor of 7340 and 160?
20
What is the greatest common factor of 15365 and 35?
35
Calculate the highest common divisor of 925 and 325.
25
What is the highest common factor of 144 and 360?
72
What is the highest common factor of 31 and 496?
31
What is the highest common factor of 2091 and 4551?
123
What is the greatest common divisor of 65 and 125?
5
Calculate the greatest common divisor of 34 and 16.
2
What is the highest common divisor of 4403 and 777?
259
What is the greatest common factor of 4 and 556?
4
What is the greatest common divisor of 1334 and 522?
58
Calculate the greatest common divisor of 70 and 385.
35
Calculate the highest common factor of 112 and 42.
14
What is the greatest common divisor of 6 and 1696?
2
Calculate the greatest common divisor of 13113 and 93.
93
What is the highest common divisor of 66 and 99?
33
Calculate the highest common divisor of 12 and 192.
12
Calculate the highest common factor of 252 and 78.
6
What is the greatest common factor of 469 and 3216?
67
What is the greatest common factor of 152 and 171?
19
Calculate the highest common divisor of 39 and 169.
13
What is the highest common divisor of 624 and 4080?
48
What is the highest common divisor of 2770 and 10?
10
Calculate the highest common factor of 253 and 368.
23
Calculate the greatest common divisor of 153 and 54.
9
Calculate the highest common divisor of 22 and 121.
11
What is the highest common factor of 27 and 999?
27
Calculate the greatest common divisor of 18094 and 166.
166
Calculate the greatest common divisor of 25 and 5.
5
Calculate the greatest common divisor of 1812 and 12.
12
What is the highest common factor of 57 and 12?
3
Calculate the highest common factor of 1605 and 195.
15
Calculate the highest common factor of 685 and 5.
5
What is the greatest common factor of 304 and 128?
16
What is the greatest common divisor of 31 and 1457?
31
Calculate the highest common factor of 21 and 84.
21
Calculate the highest common divisor of 135898 and 119.
119
What is the highest common factor of 77 and 19019?
77
What is the greatest common factor of 726 and 132?
66
What is the greatest common divisor of 170 and 10?
10
Calculate the greatest common factor of 224 and 5536.
32
Calculate the highest common div